isor of 100827912 and 471.
471
What is the highest common divisor of 113237 and 1408518?
17
Calculate the highest common divisor of 24673 and 247885.
11
Calculate the highest common divisor of 133 and 559858921.
19
What is the highest common factor of 4203205 and 5490?
305
What is the greatest common factor of 59898362 and 3729?
113
What is the highest common factor of 109591 and 6699?
29
Calculate the greatest common factor of 35109 and 18598887.
423
What is the greatest common divisor of 2799837885 and 13?
13
What is the greatest common divisor of 9292 and 6651052?
404
What is the highest common factor of 90029929 and 50444?
12611
What is the highest common factor of 665 and 9632240?
95
Calculate the greatest common divisor of 28611 and 228599.
289
What is the highest common divisor of 1026003 and 330?
33
Calculate the highest common factor of 1050 and 337550.
50
Calculate the highest common divisor of 1613442 and 4560.
114
Calculate the highest common factor of 630 and 2068785.
45
Calculate the greatest common factor of 383671957 and 194.
97
What is the greatest common factor of 110107 and 12428194?
1069
What is the greatest common divisor of 3452770 and 70?
10
Calculate the greatest common divisor of 62832 and 8078.
14
Calculate the highest common factor of 4542989 and 2343.
11
What is the greatest common factor of 57918322 and 157850?
6314
Calculate the greatest common factor of 7275 and 1359975.
75
What is the highest common factor of 373504 and 21765362?
2918
What is the highest common factor of 7998430 and 283195?
1045
What is the greatest common factor of 5181 and 25784110?
1727
Calculate the greatest common factor of 81219 and 792.
3
Calculate the greatest common factor of 15764848 and 1360.
272
What is the greatest common divisor of 6799471361 and 1873?
1873
Calculate the greatest common divisor of 20072 and 3800680.
104
What is the highest common factor of 27405 and 145754?
203
What is the greatest common divisor of 105 and 2539761?
21
Calculate the highest common divisor of 87857 and 2386483.
1793
Calculate the greatest common divisor of 71875 and 6316375.
2875
Calculate the highest common factor of 1308 and 124406169.
327
Calculate the highest common divisor of 4148 and 1844884.
244
What is the greatest common factor of 2421 and 40609854?
2421
What is the highest common divisor of 94560 and 14592?
96
What is the highest common factor of 3405760 and 3712?
1856
What is the highest common divisor of 1121981025 and 25?
25
Calculate the highest common factor of 23664 and 10440754.
986
Calculate the highest common factor of 40 and 14762440.
40
What is the greatest common factor of 68 and 10226962?
34
What is the greatest common factor of 119 and 22128526?
119
What is the highest common divisor of 75 and 18693555?
15
Calculate the greatest common divisor of 744921600 and 57000.
11400
Calculate the highest common divisor of 2291441 and 51397.
103
What is the highest common factor of 5579 and 5343885?
797
What is the greatest common factor of 49751172 and 387?
387
What is the highest common divisor of 179131 and 1190461?
661
What is the greatest common divisor of 12 and 9247674?
6
Calculate the greatest common factor of 297638 and 910844.
3586
What is the greatest common factor of 251 and 1799344202?
251
What is the greatest common factor of 198 and 24170274?
18
What is the highest common divisor of 57559712 and 49?
49
Calculate the greatest common divisor of 261 and 17111943.
261
What is the greatest common factor of 226934782 and 166?
166
What is the highest common divisor of 47 and 37758860?
47
Calculate the greatest common divisor of 54120 and 236184.
24
What is the highest common divisor of 16 and 127130672?
16
What is the highest common divisor of 4556187 and 471420?
873
Calculate the greatest common divisor of 7548240 and 126.
42
Calculate the greatest common factor of 1120202 and 8512.
38
Calculate the highest common factor of 1524749 and 41.
41
What is the highest common factor of 2553972 and 252068?
4756
Calculate the highest common divisor of 2295 and 21940455.
255
Calculate the highest common divisor of 95666633 and 17.
17
Calculate the greatest common divisor of 40908 and 7052247.
1461
Calculate the highest common divisor of 270 and 12834396.
54
Calculate the highest common divisor of 273798 and 3836.
14
Calculate the highest common factor of 338692498 and 2026.
2026
What is the greatest common factor of 1046 and 269176594?
1046
Calculate the highest common factor of 992 and 4157596.
124
What is the greatest common factor of 6419436 and 151748?
236
What is the highest common divisor of 497217 and 63?
21
What is the highest common factor of 39351 and 2388?
3
Calculate the greatest common factor of 31323 and 64342.
53
What is the greatest common divisor of 1708452 and 97848?
324
Calculate the highest common divisor of 22480205 and 7480.
935
Calculate the highest common factor of 27810 and 85920.
30
Calculate the highest common factor of 145350 and 3976130.
3230
Calculate the highest common factor of 1302812 and 148274.
1666
What is the highest common factor of 222 and 226859802?
222
Calculate the greatest common factor of 262368 and 31392.
288
What is the highest common factor of 429395 and 24335?
785
What is the greatest common divisor of 1076 and 11556778?
538
Calculate the greatest common divisor of 129540021 and 7098.
507
What is the greatest common factor of 4617149 and 8109?
17
Calculate the highest common divisor of 21362 and 510246.
22
Calculate the highest common factor of 47070 and 270.
90
Calculate the greatest common factor of 249153 and 4715103.
4701
What is the highest common divisor of 9964 and 4532348?
212
What is the greatest common divisor of 40014 and 42471?
351
What is the highest common divisor of 488 and 415542004?
244
What is the highest common factor of 16084854 and 54?
18
What is the greatest common divisor of 893 and 443156?
19
Calculate the highest common factor of 97 and 17714819.
97
What is the greatest common divisor of 1600310 and 160?
10
Calculate the highest common factor of 149016 and 1688.
8
Calculate the highest common factor of 973050 and 780.
390
What is the greatest common divisor of 2970 and 68082498?
594
Calculate the highest common factor of 281626347 and 2445.
489
What is the greatest common factor of 62355 and 39685?
5
Calculate the greatest common factor of 22670 and 675758695.
11335
What is the greatest common divisor of 359716 and 19894?
406
What is the greatest common factor of 2674728 and 13608?
1512
What is the greatest common factor of 57402 and 6999855?
3189
What is the greatest common factor of 158312034 and 146?
146
Calculate the greatest common divisor of 66570603 and 6945.
1389
Calculate the highest common factor of 4662 and 1955754.
18
What is the highest common divisor of 300774 and 41424?
6
Calculate the highest common factor of 12543 and 11707392.
111
What is the greatest common factor of 3745 and 13479860?
535
Calculate the greatest common divisor of 14190 and 47489673.
1419
What is the greatest common factor of 132 and 2397307?
11
Calculate the greatest common divisor of 14442 and 152598.
174
What is the highest common factor of 818672353 and 127?
127
What is the greatest common divisor of 902894123 and 1037?
1037
What is the highest common divisor of 360 and 26904140?
20
What is the highest common divisor of 498929 and 3674092?
1763
Calculate the greatest common divisor of 1189710 and 1350.
90
What is the greatest common factor of 326888699 and 17?
17
Calculate the highest common factor of 17480468 and 459776.
1796
What is the highest common divisor of 1213605 and 480?
15
Calculate the highest common divisor of 3100 and 1940104.
124
What is the highest common factor of 1141 and 51161299?
1141
Calculate the highest common divisor of 23090641 and 28.
7
What is the greatest common factor of 12488 and 4504600?
1784
What is the greatest common factor of 1849138 and 3246?
1082
Calculate the greatest common divisor of 654288 and 22188.
516
What is the greatest common factor of 9953 and 172429?
269
Calculate the greatest common divisor of 18209 and 493589.
139
Calculate the greatest common divisor of 45833881 and 883.
883
What is the greatest common factor of 1457721 a